{"id":827,"date":"2025-07-20T10:55:40","date_gmt":"2025-07-20T08:55:40","guid":{"rendered":"https:\/\/stk.sklep.pl\/?post_type=product&#038;p=827"},"modified":"2026-01-06T23:10:32","modified_gmt":"2026-01-06T22:10:32","slug":"polaris-koszulka-polo","status":"publish","type":"product","link":"https:\/\/stk.sklep.pl\/?product=polaris-koszulka-polo","title":{"rendered":"Polaris &#8211; koszulka polo"},"content":{"rendered":"<p><strong>UWAGI:<\/strong><\/p>\n<ul>\n<li>Techniczna koszulka polo o wysokiej widzialno\u015bci z kr\u00f3tkim r\u0119kawem.<\/li>\n<li>Z plis\u0105 na 3 guziki.<\/li>\n<li>Ko\u0142nierz z dzianiny \u015bci\u0105gaczowej 1&#215;1.<\/li>\n<li>Dwa poziome paski odblaskowe na tu\u0142owiu i r\u0119kawach.<\/li>\n<li>Tkanina antypo\u015blizgowa.<\/li>\n<\/ul>\n<div id=\"color-circle-selector-big-screen\" class=\"list-color\" data-v-0dde63d0=\"\">\n<div class=\"circle-list-component d-flex flex-wrap align-items-center\" data-v-488ca956=\"\" data-v-0dde63d0=\"\">\n<div class=\"d-flex flex-wrap\" data-v-488ca956=\"\">\n<div class=\"v-popover poopover-floating color-circle\" data-v-488ca956=\"\">\n<div class=\"trigger\">\n<div class=\"d-flex flex-column text-center details-circle-color\" data-v-488ca956=\"\">\n<div class=\"circle-selector-parent\" data-v-2dcfe275=\"\" data-v-488ca956=\"\"><\/div>\n<\/div>\n<\/div>\n<\/div>\n<\/div>\n<\/div>\n<\/div>\n<p><img fetchpriority=\"high\" decoding=\"async\" class=\"alignnone wp-image-834 size-large\" src=\"http:\/\/stk.sklep.pl\/wp-content\/uploads\/2025\/07\/rozmiary-11-1024x275.jpg\" alt=\"\" width=\"800\" height=\"215\" srcset=\"https:\/\/stk.sklep.pl\/wp-content\/uploads\/2025\/07\/rozmiary-11-1024x275.jpg 1024w, https:\/\/stk.sklep.pl\/wp-content\/uploads\/2025\/07\/rozmiary-11-300x81.jpg 300w, https:\/\/stk.sklep.pl\/wp-content\/uploads\/2025\/07\/rozmiary-11-768x206.jpg 768w, https:\/\/stk.sklep.pl\/wp-content\/uploads\/2025\/07\/rozmiary-11-1536x413.jpg 1536w, https:\/\/stk.sklep.pl\/wp-content\/uploads\/2025\/07\/rozmiary-11-600x161.jpg 600w, https:\/\/stk.sklep.pl\/wp-content\/uploads\/2025\/07\/rozmiary-11.jpg 1776w\" sizes=\"(max-width: 800px) 100vw, 800px\" \/>.<\/p>\n","protected":false},"excerpt":{"rendered":"<p>Techniczna, dobrze widoczna koszulka polo z kr\u00f3tkimi r\u0119kawami, zapi\u0119ciem na 3 guziki i pr\u0105\u017ckowanym ko\u0142nierzem 1&#215;1. Dwa poziome paski o wysokiej widoczno\u015bci na piersi i r\u0119kawach. Tkanina zapobiegaj\u0105ca zaci\u0105gni\u0119ciom.<\/p>\n","protected":false},"featured_media":2160,"comment_status":"open","ping_status":"closed","template":"","meta":[],"product_brand":[47],"product_cat":[33],"product_tag":[],"class_list":{"0":"post-827","1":"product","2":"type-product","3":"status-publish","4":"has-post-thumbnail","6":"product_brand-roly","7":"product_cat-wysoka-widocznosc","9":"first","10":"instock","11":"taxable","12":"shipping-taxable","13":"purchasable","14":"product-type-variable"},"_links":{"self":[{"href":"https:\/\/stk.sklep.pl\/index.php?rest_route=\/wp\/v2\/product\/827","targetHints":{"allow":["GET"]}}],"collection":[{"href":"https:\/\/stk.sklep.pl\/index.php?rest_route=\/wp\/v2\/product"}],"about":[{"href":"https:\/\/stk.sklep.pl\/index.php?rest_route=\/wp\/v2\/types\/product"}],"replies":[{"embeddable":true,"href":"https:\/\/stk.sklep.pl\/index.php?rest_route=%2Fwp%2Fv2%2Fcomments&post=827"}],"wp:featuredmedia":[{"embeddable":true,"href":"https:\/\/stk.sklep.pl\/index.php?rest_route=\/wp\/v2\/media\/2160"}],"wp:attachment":[{"href":"https:\/\/stk.sklep.pl\/index.php?rest_route=%2Fwp%2Fv2%2Fmedia&parent=827"}],"wp:term":[{"taxonomy":"product_brand","embeddable":true,"href":"https:\/\/stk.sklep.pl\/index.php?rest_route=%2Fwp%2Fv2%2Fproduct_brand&post=827"},{"taxonomy":"product_cat","embeddable":true,"href":"https:\/\/stk.sklep.pl\/index.php?rest_route=%2Fwp%2Fv2%2Fproduct_cat&post=827"},{"taxonomy":"product_tag","embeddable":true,"href":"https:\/\/stk.sklep.pl\/index.php?rest_route=%2Fwp%2Fv2%2Fproduct_tag&post=827"}],"curies":[{"name":"wp","href":"https:\/\/api.w.org\/{rel}","templated":true}]}}