{"id":545,"date":"2025-07-20T09:35:25","date_gmt":"2025-07-20T07:35:25","guid":{"rendered":"https:\/\/stk.sklep.pl\/?post_type=product&#038;p=545"},"modified":"2026-01-06T23:11:03","modified_gmt":"2026-01-06T22:11:03","slug":"vega","status":"publish","type":"product","link":"https:\/\/stk.sklep.pl\/?product=vega","title":{"rendered":"Vega"},"content":{"rendered":"<ul>\n<li class=\"product-short-desc \">Dwa dzielone pasy odblaskowe na piersiach i na plecach. \u00b7<\/li>\n<li class=\"product-short-desc \">Klapa z 3 kontrastuj\u0105cymi guzikami.<\/li>\n<li class=\"product-short-desc \">Ko\u0142nierz z dzianiny pr\u0105\u017ckowej 1&#215;1.<\/li>\n<li class=\"product-short-desc \">Materia\u0142 odporny na zaci\u0105gni\u0119cia i \u0142atwo schn\u0105cy.<\/li>\n<li class=\"product-short-desc \">Opcjonalna kiesze\u0144.<\/li>\n<\/ul>\n<div id=\"color-circle-selector-big-screen\" class=\"list-color\" data-v-0dde63d0=\"\">\n<div class=\"circle-list-component d-flex flex-wrap align-items-center\" data-v-488ca956=\"\" data-v-0dde63d0=\"\">\n<div class=\"d-flex flex-wrap\" data-v-488ca956=\"\">\n<div class=\"v-popover poopover-floating color-circle\" data-v-488ca956=\"\">\n<div class=\"trigger\">\n<div class=\"d-flex flex-column text-center details-circle-color\" data-v-488ca956=\"\">\n<div class=\"circle-selector-parent\" data-v-2dcfe275=\"\" data-v-488ca956=\"\"><\/div>\n<\/div>\n<\/div>\n<\/div>\n<\/div>\n<\/div>\n<\/div>\n<p><img fetchpriority=\"high\" decoding=\"async\" class=\"alignnone wp-image-641 size-large\" src=\"http:\/\/stk.sklep.pl\/wp-content\/uploads\/2025\/07\/rozmiary-10-1024x275.jpg\" alt=\"\" width=\"800\" height=\"215\" srcset=\"https:\/\/stk.sklep.pl\/wp-content\/uploads\/2025\/07\/rozmiary-10-1024x275.jpg 1024w, https:\/\/stk.sklep.pl\/wp-content\/uploads\/2025\/07\/rozmiary-10-300x81.jpg 300w, https:\/\/stk.sklep.pl\/wp-content\/uploads\/2025\/07\/rozmiary-10-768x206.jpg 768w, https:\/\/stk.sklep.pl\/wp-content\/uploads\/2025\/07\/rozmiary-10-1536x413.jpg 1536w, https:\/\/stk.sklep.pl\/wp-content\/uploads\/2025\/07\/rozmiary-10-600x161.jpg 600w, https:\/\/stk.sklep.pl\/wp-content\/uploads\/2025\/07\/rozmiary-10.jpg 1776w\" sizes=\"(max-width: 800px) 100vw, 800px\" \/>.<\/p>\n","protected":false},"excerpt":{"rendered":"<p>Polo techniczne widoczne z daleka z d\u0142ugim r\u0119kawem<\/p>\n","protected":false},"featured_media":2161,"comment_status":"open","ping_status":"closed","template":"","meta":[],"product_brand":[],"product_cat":[33],"product_tag":[],"class_list":{"0":"post-545","1":"product","2":"type-product","3":"status-publish","4":"has-post-thumbnail","6":"product_cat-wysoka-widocznosc","8":"first","9":"instock","10":"taxable","11":"shipping-taxable","12":"purchasable","13":"product-type-variable"},"_links":{"self":[{"href":"https:\/\/stk.sklep.pl\/index.php?rest_route=\/wp\/v2\/product\/545","targetHints":{"allow":["GET"]}}],"collection":[{"href":"https:\/\/stk.sklep.pl\/index.php?rest_route=\/wp\/v2\/product"}],"about":[{"href":"https:\/\/stk.sklep.pl\/index.php?rest_route=\/wp\/v2\/types\/product"}],"replies":[{"embeddable":true,"href":"https:\/\/stk.sklep.pl\/index.php?rest_route=%2Fwp%2Fv2%2Fcomments&post=545"}],"wp:featuredmedia":[{"embeddable":true,"href":"https:\/\/stk.sklep.pl\/index.php?rest_route=\/wp\/v2\/media\/2161"}],"wp:attachment":[{"href":"https:\/\/stk.sklep.pl\/index.php?rest_route=%2Fwp%2Fv2%2Fmedia&parent=545"}],"wp:term":[{"taxonomy":"product_brand","embeddable":true,"href":"https:\/\/stk.sklep.pl\/index.php?rest_route=%2Fwp%2Fv2%2Fproduct_brand&post=545"},{"taxonomy":"product_cat","embeddable":true,"href":"https:\/\/stk.sklep.pl\/index.php?rest_route=%2Fwp%2Fv2%2Fproduct_cat&post=545"},{"taxonomy":"product_tag","embeddable":true,"href":"https:\/\/stk.sklep.pl\/index.php?rest_route=%2Fwp%2Fv2%2Fproduct_tag&post=545"}],"curies":[{"name":"wp","href":"https:\/\/api.w.org\/{rel}","templated":true}]}}