{"id":501,"date":"2025-07-20T09:10:19","date_gmt":"2025-07-20T07:10:19","guid":{"rendered":"https:\/\/stk.sklep.pl\/?post_type=product&#038;p=501"},"modified":"2026-01-06T23:12:01","modified_gmt":"2026-01-06T22:12:01","slug":"samurai","status":"publish","type":"product","link":"https:\/\/stk.sklep.pl\/?product=samurai","title":{"rendered":"SAMURAI"},"content":{"rendered":"<p>Koszulka polo z kr\u00f3tkim r\u0119kawem<\/p>\n<ul>\n<li>Pr\u0105\u017ckowanem wyko\u0144czenie<\/li>\n<li>Zapi\u0119cie na 2 guziki<\/li>\n<li>Wzmocnione kryte szwy w ko\u0142nierzu<\/li>\n<li>Boczne rozci\u0119cia u do\u0142u<\/li>\n<li>Kontrastowe detale<\/li>\n<\/ul>\n<p><img fetchpriority=\"high\" decoding=\"async\" class=\"alignnone wp-image-544 size-full\" src=\"http:\/\/stk.sklep.pl\/wp-content\/uploads\/2025\/07\/rozmiary-8.jpg\" alt=\"\" width=\"1776\" height=\"477\" srcset=\"https:\/\/stk.sklep.pl\/wp-content\/uploads\/2025\/07\/rozmiary-8.jpg 1776w, https:\/\/stk.sklep.pl\/wp-content\/uploads\/2025\/07\/rozmiary-8-300x81.jpg 300w, https:\/\/stk.sklep.pl\/wp-content\/uploads\/2025\/07\/rozmiary-8-1024x275.jpg 1024w, https:\/\/stk.sklep.pl\/wp-content\/uploads\/2025\/07\/rozmiary-8-768x206.jpg 768w, https:\/\/stk.sklep.pl\/wp-content\/uploads\/2025\/07\/rozmiary-8-1536x413.jpg 1536w, https:\/\/stk.sklep.pl\/wp-content\/uploads\/2025\/07\/rozmiary-8-600x161.jpg 600w\" sizes=\"(max-width: 1776px) 100vw, 1776px\" \/><\/p>\n","protected":false},"excerpt":{"rendered":"<p>Polo z kr\u00f3tkim r\u0119kawem, wielokolorowe. \u00b7 Wyko\u0144czenie i po\u0142owa r\u0119kawa \u015bci\u0105gacz pr\u0105\u017ckowany 1&#215;1. \u00b7 Klapa z 2<br \/>\nguzikami. \u00b7 Obw\u00f3dka wzmocniona przy ko\u0142nierzu. \u00b7 Otwarte boki na dole. \u00b7 Kontrastuj\u0105ce fragmenty ramion i<br \/>\ndetale. \u00b7 Opcjonalna kontrastuj\u0105ca kiesze\u0144.<\/p>\n","protected":false},"featured_media":518,"comment_status":"open","ping_status":"closed","template":"","meta":[],"product_brand":[],"product_cat":[23,42,21,32,40],"product_tag":[],"class_list":{"0":"post-501","1":"product","2":"type-product","3":"status-publish","4":"has-post-thumbnail","6":"product_cat-koszulki-polo","7":"product_cat-koszulki-robocze","8":"product_cat-odziez-reklamowa","9":"product_cat-odziez-robocza","10":"product_cat-przemysl","12":"first","13":"instock","14":"taxable","15":"shipping-taxable","16":"purchasable","17":"product-type-variable"},"_links":{"self":[{"href":"https:\/\/stk.sklep.pl\/index.php?rest_route=\/wp\/v2\/product\/501","targetHints":{"allow":["GET"]}}],"collection":[{"href":"https:\/\/stk.sklep.pl\/index.php?rest_route=\/wp\/v2\/product"}],"about":[{"href":"https:\/\/stk.sklep.pl\/index.php?rest_route=\/wp\/v2\/types\/product"}],"replies":[{"embeddable":true,"href":"https:\/\/stk.sklep.pl\/index.php?rest_route=%2Fwp%2Fv2%2Fcomments&post=501"}],"wp:featuredmedia":[{"embeddable":true,"href":"https:\/\/stk.sklep.pl\/index.php?rest_route=\/wp\/v2\/media\/518"}],"wp:attachment":[{"href":"https:\/\/stk.sklep.pl\/index.php?rest_route=%2Fwp%2Fv2%2Fmedia&parent=501"}],"wp:term":[{"taxonomy":"product_brand","embeddable":true,"href":"https:\/\/stk.sklep.pl\/index.php?rest_route=%2Fwp%2Fv2%2Fproduct_brand&post=501"},{"taxonomy":"product_cat","embeddable":true,"href":"https:\/\/stk.sklep.pl\/index.php?rest_route=%2Fwp%2Fv2%2Fproduct_cat&post=501"},{"taxonomy":"product_tag","embeddable":true,"href":"https:\/\/stk.sklep.pl\/index.php?rest_route=%2Fwp%2Fv2%2Fproduct_tag&post=501"}],"curies":[{"name":"wp","href":"https:\/\/api.w.org\/{rel}","templated":true}]}}