{"id":273,"date":"2025-07-19T23:37:33","date_gmt":"2025-07-19T21:37:33","guid":{"rendered":"https:\/\/stk.sklep.pl\/?post_type=product&#038;p=273"},"modified":"2026-01-06T22:58:04","modified_gmt":"2026-01-06T21:58:04","slug":"delta","status":"publish","type":"product","link":"https:\/\/stk.sklep.pl\/?product=delta","title":{"rendered":"DELTA"},"content":{"rendered":"<p><strong>PRODUKT:<\/strong><\/p>\n<p>Techniczna koszulka z kr\u00f3tkim r\u0119kawem o wysokiej widoczno\u015bci. Okr\u0105g\u0142y dekolt z tej samej tkaniny i wzmocnionymi szwami. Dwie \u015brodkowe, poziome ta\u015bmy odblaskowe i pojedyncze na r\u0119kawkach.<\/p>\n<p><strong>UWAGI:<\/strong><\/p>\n<p>*Spe\u0142nia standardy: UNE-EN ISO 13688:2013 y UNE-EN ISO 20471:2013.<br \/>\n*Tkanina techniczna.<\/p>\n<p>*Klasa I: 55221 &#8211; 55223 &#8211; 52221 &#8211; 23221<br \/>\n*Klasa II: 221 &#8211; 223<br \/>\n*Produkt stworzony do sublimacji.<br \/>\n*Wysoka widoczno\u015b\u0107.<br \/>\n*Oddychaj\u0105cy materia\u0142.<\/p>\n<p><img fetchpriority=\"high\" decoding=\"async\" class=\"alignnone wp-image-309 \" src=\"http:\/\/stk.sklep.pl\/wp-content\/uploads\/2025\/07\/rozmiary-6.jpg\" alt=\"\" width=\"911\" height=\"244\" srcset=\"https:\/\/stk.sklep.pl\/wp-content\/uploads\/2025\/07\/rozmiary-6.jpg 1776w, https:\/\/stk.sklep.pl\/wp-content\/uploads\/2025\/07\/rozmiary-6-300x81.jpg 300w, https:\/\/stk.sklep.pl\/wp-content\/uploads\/2025\/07\/rozmiary-6-1024x275.jpg 1024w, https:\/\/stk.sklep.pl\/wp-content\/uploads\/2025\/07\/rozmiary-6-768x206.jpg 768w, https:\/\/stk.sklep.pl\/wp-content\/uploads\/2025\/07\/rozmiary-6-1536x413.jpg 1536w, https:\/\/stk.sklep.pl\/wp-content\/uploads\/2025\/07\/rozmiary-6-600x161.jpg 600w\" sizes=\"(max-width: 911px) 100vw, 911px\" \/><\/p>\n","protected":false},"excerpt":{"rendered":"<p>Odblaskowa koszulka DELTA. Idealne rozwi\u0105zanie jako odzie\u017c robocza dla pracownik\u00f3w. Techniczna koszulka z kr\u00f3tkim r\u0119kawem o wysokiej widoczno\u015bci. Model stworzony do sublimacji.<\/p>\n","protected":false},"featured_media":310,"comment_status":"open","ping_status":"closed","template":"","meta":[],"product_brand":[],"product_cat":[33],"product_tag":[],"class_list":{"0":"post-273","1":"product","2":"type-product","3":"status-publish","4":"has-post-thumbnail","6":"product_cat-wysoka-widocznosc","8":"first","9":"instock","10":"taxable","11":"shipping-taxable","12":"purchasable","13":"product-type-variable"},"_links":{"self":[{"href":"https:\/\/stk.sklep.pl\/index.php?rest_route=\/wp\/v2\/product\/273","targetHints":{"allow":["GET"]}}],"collection":[{"href":"https:\/\/stk.sklep.pl\/index.php?rest_route=\/wp\/v2\/product"}],"about":[{"href":"https:\/\/stk.sklep.pl\/index.php?rest_route=\/wp\/v2\/types\/product"}],"replies":[{"embeddable":true,"href":"https:\/\/stk.sklep.pl\/index.php?rest_route=%2Fwp%2Fv2%2Fcomments&post=273"}],"wp:featuredmedia":[{"embeddable":true,"href":"https:\/\/stk.sklep.pl\/index.php?rest_route=\/wp\/v2\/media\/310"}],"wp:attachment":[{"href":"https:\/\/stk.sklep.pl\/index.php?rest_route=%2Fwp%2Fv2%2Fmedia&parent=273"}],"wp:term":[{"taxonomy":"product_brand","embeddable":true,"href":"https:\/\/stk.sklep.pl\/index.php?rest_route=%2Fwp%2Fv2%2Fproduct_brand&post=273"},{"taxonomy":"product_cat","embeddable":true,"href":"https:\/\/stk.sklep.pl\/index.php?rest_route=%2Fwp%2Fv2%2Fproduct_cat&post=273"},{"taxonomy":"product_tag","embeddable":true,"href":"https:\/\/stk.sklep.pl\/index.php?rest_route=%2Fwp%2Fv2%2Fproduct_tag&post=273"}],"curies":[{"name":"wp","href":"https:\/\/api.w.org\/{rel}","templated":true}]}}