{"id":1305,"date":"2025-07-21T06:06:52","date_gmt":"2025-07-21T04:06:52","guid":{"rendered":"https:\/\/stk.sklep.pl\/?post_type=product&#038;p=1305"},"modified":"2025-07-21T06:13:24","modified_gmt":"2025-07-21T04:13:24","slug":"montreal-koszulka-polo","status":"publish","type":"product","link":"https:\/\/stk.sklep.pl\/?product=montreal-koszulka-polo","title":{"rendered":"Montreal &#8211; koszulka polo"},"content":{"rendered":"<p>Koszulka polo z kr\u00f3tkim r\u0119kawem. Zapi\u0119cie na trzy guziki. Pr\u0105\u017ckowany ko\u0142nierz. Wzmocnione, kryte szwy w ko\u0142nierzu\u00a0i na ramionach.<\/p>\n<p>&nbsp;<\/p>\n<p><img fetchpriority=\"high\" decoding=\"async\" class=\"alignnone wp-image-1330 size-large\" src=\"http:\/\/stk.sklep.pl\/wp-content\/uploads\/2025\/07\/rozm-6-1024x275.jpg\" alt=\"\" width=\"800\" height=\"215\" srcset=\"https:\/\/stk.sklep.pl\/wp-content\/uploads\/2025\/07\/rozm-6-1024x275.jpg 1024w, https:\/\/stk.sklep.pl\/wp-content\/uploads\/2025\/07\/rozm-6-300x81.jpg 300w, https:\/\/stk.sklep.pl\/wp-content\/uploads\/2025\/07\/rozm-6-768x206.jpg 768w, https:\/\/stk.sklep.pl\/wp-content\/uploads\/2025\/07\/rozm-6-1536x413.jpg 1536w, https:\/\/stk.sklep.pl\/wp-content\/uploads\/2025\/07\/rozm-6-600x161.jpg 600w, https:\/\/stk.sklep.pl\/wp-content\/uploads\/2025\/07\/rozm-6.jpg 1776w\" sizes=\"(max-width: 800px) 100vw, 800px\" \/><\/p>\n","protected":false},"excerpt":{"rendered":"<p><span class=\"apple-converted-space\">Koszulka polo z k<\/span>ontrastowym wyko\u0144czeniem ko\u0142nierzyka. Zapi\u0119cie z trzema guzikami. Pr\u0105\u017ckowany ko\u0142nierzyk i mankiety. Wzmocnione, kryte szwy przy ko\u0142nierzyku. Wn\u0119trze plisy przy zapi\u0119ciu dopasowane kolorystycznie do wyko\u0144czenia ko\u0142nierzyka, mankiet\u00f3w i rozci\u0119\u0107 bocznych u do\u0142u.<\/p>\n<p>&nbsp;<\/p>\n","protected":false},"featured_media":1374,"comment_status":"open","ping_status":"closed","template":"","meta":[],"product_brand":[47],"product_cat":[36,23,21],"product_tag":[],"class_list":{"0":"post-1305","1":"product","2":"type-product","3":"status-publish","4":"has-post-thumbnail","6":"product_brand-roly","7":"product_cat-gastronomia","8":"product_cat-koszulki-polo","9":"product_cat-odziez-reklamowa","11":"first","12":"instock","13":"taxable","14":"shipping-taxable","15":"purchasable","16":"product-type-variable"},"_links":{"self":[{"href":"https:\/\/stk.sklep.pl\/index.php?rest_route=\/wp\/v2\/product\/1305","targetHints":{"allow":["GET"]}}],"collection":[{"href":"https:\/\/stk.sklep.pl\/index.php?rest_route=\/wp\/v2\/product"}],"about":[{"href":"https:\/\/stk.sklep.pl\/index.php?rest_route=\/wp\/v2\/types\/product"}],"replies":[{"embeddable":true,"href":"https:\/\/stk.sklep.pl\/index.php?rest_route=%2Fwp%2Fv2%2Fcomments&post=1305"}],"wp:featuredmedia":[{"embeddable":true,"href":"https:\/\/stk.sklep.pl\/index.php?rest_route=\/wp\/v2\/media\/1374"}],"wp:attachment":[{"href":"https:\/\/stk.sklep.pl\/index.php?rest_route=%2Fwp%2Fv2%2Fmedia&parent=1305"}],"wp:term":[{"taxonomy":"product_brand","embeddable":true,"href":"https:\/\/stk.sklep.pl\/index.php?rest_route=%2Fwp%2Fv2%2Fproduct_brand&post=1305"},{"taxonomy":"product_cat","embeddable":true,"href":"https:\/\/stk.sklep.pl\/index.php?rest_route=%2Fwp%2Fv2%2Fproduct_cat&post=1305"},{"taxonomy":"product_tag","embeddable":true,"href":"https:\/\/stk.sklep.pl\/index.php?rest_route=%2Fwp%2Fv2%2Fproduct_tag&post=1305"}],"curies":[{"name":"wp","href":"https:\/\/api.w.org\/{rel}","templated":true}]}}